et k(g) = -13*g - 58. Let b be k(-6). Let i = b - 12. Determine t(i).
3
Let k(p) = 6*p**3 + 3*p**2 - p + 2. Suppose t + 3*t = -3*f - 11, t + 1 = f. Calculate k(t).
-32
Let k(t) be the second derivative of -1/6*t**3 - 33*t + 0 + 2*t**2. Give k(5).
-1
Let s(b) = b**3 - 7*b**2 - 5*b. Let x be s(8). Let y(u) = -x*u**3 + 4*u**2 - 3*u + 2*u + 25*u**3 - 5. Give y(-4).
-1
Let v(k) = k**2 + 16. Let g be -2 - (-9)/4 - (-532)/112. Suppose -g*i - 20 = 3*t, 4*t - 16 = 3*i - 4. Give v(t).
16
Let l(m) = 3*m**2 + 11*m + 12. Let k(t) = 7*t**2 + 21*t + 24. Let a(i) = 2*k(i) - 5*l(i). Suppose -2*c = -u + 2 - 16, 5*u - 3*c + 63 = 0. Give a(u).
0
Suppose 3 - 4 = -t. Let q be 1/(4/16*4). Let o(b) = b**3 + b**2 - 1. Let p(z) = -9*z**3 - z**2 - 2*z + 2. Let d(k) = q*p(k) + o(k). Determine d(t).
-9
Suppose 35 = 2*d - 5*u, -40 = -18*d + 15*d + 5*u. Let q(w) = w**2 - 3*w - 4. What is q(d)?
6
Let t(f) be the first derivative of 4 + 0*f**2 + 3*f - f - f**2 - 3*f. What is t(1)?
-3
Let q(t) = t**3 - 11*t - 5. Let d be q(4). Let c(p) = p**2 - 15*p. Calculate c(d).
0
Let w(x) = -x**2 + 2*x + 7. Let i be ((-40)/100)/((-1)/(2 - -3)). Suppose 2*n - 10 = 4*d - 0*n, 4*d - 5 = -n. Suppose -5*r + i*r + 15 = d. What is w(r)?
-8
Suppose -6*l + 0 + 18 = 0. Let y(o) = -o**3 + 5*o**2 - 3*o + 2. Give y(l).
11
Let u(d) = -3*d - 3. Let j = -14 - -12. Let y be (-3)/j*((-50)/3)/(-5). What is u(y)?
-18
Let i(t) = -t**3 - 4*t**2 + 6*t + 6. Let c be i(-5). Suppose 5*d + 0*d + c = r, d - 7 = -r. Let a(v) = -v**2 + 6*v - 2. Determine a(r).
-2
Let a(q) = -q**2 - 6*q - 9. Let w(k) = -k**3 + 16*k**2 + 17*k + 9. Let m be w(17). Let y be 7*4*m/(-42). What is a(y)?
-9
Let w = -319 - -324. Let x(g) be the second derivative of 0 + 3*g - 1/2*g**2 - 1/6*g**3 + 1/12*g**4 - 3/10*g**w. What is x(-1)?
7
Let f(r) = -r**2 + 7*r - 5. Let h be (-8)/(-10)*25/1. Suppose 5*q - q = h. Let a be f(q). Let n(g) = g**2 - 5*g + 1. Give n(a).
1
Let f be (35/2)/(-7)*1*-2. Let x(m) = m**3 - 6*m**2 + 7*m - 5. What is x(f)?
5
Suppose 0*j - 4*j + 36 = 0. Suppose -j - 3 = 3*n. Let w(h) = -3101*h**3 + 0*h + 0*h - 5*h**2 + 1 + 3100*h**3 - 4*h. Give w(n).
1
Let b(d) = 12*d**2 - 8*d. Let l be b(1). Let f(x) be the third derivative of 0*x**4 + 0 - 1/60*x**5 + 0*x + l*x**2 + 1/3*x**3. Give f(3).
-7
Suppose 3 = -h - 2*h. Let k(d) = -5*d - 2. Let y(t) = -t - 5*t - 1 + 0*t. Let q(p) = -2*k(p) + 3*y(p). What is q(h)?
9
Let v(k) = -4*k**3 + 12*k**2 - 5*k + 1. Let o(z) = 5*z**3 - 14*z**2 + 5*z. Let g(t) = -3*o(t) - 4*v(t). What is g(5)?
-4
Let f = -561 - -566. Let d(c) = -c**3 + 4*c**2 + 8*c - 4. Let w(r) = 10*r + 2*r**3 + 4*r**2 - r - 3*r**3 - 3. Let q(o) = 4*d(o) - 3*w(o). What is q(f)?
-7
Let l(m) = 2*m + 63. Let n be 7 - -3 - 1677/43. Determine l(n).
5
Let t(j) be the first derivative of -8 - 3*j + 7/2*j**2 - 1/3*j**3. Determine t(6).
3
Let p(k) = k**2 + k. Suppose -4*z - 9 - 3 = 0. Let t(q) = -q**2. Let n(w) = z*p(w) - 4*t(w). Determine n(-3).
18
Suppose -3*l + 15 = -0*l. Let o(n) = -1 - 13*n + l*n - 14*n. What is o(1)?
-23
Let w(s) be the first derivative of -4*s**2 + s - 16. Let h(r) = 9*r - 2. Let o(m) = 6*h(m) + 7*w(m). What is o(-7)?
9
Let u(g) = 5*g**2 + g**3 + 1 + 0*g - g - 3*g**2 + 0*g**2. Let f = 3 + 0. Suppose 3*m + f + 6 = 0. What is u(m)?
-5
Let p(f) = 8*f + 9. Let z(m) = -9*m - 10. Let r(q) = -7*p(q) - 6*z(q). Let c(x) = -2*x - 21. Let o be c(-9). What is r(o)?
3
Let a(b) be the first derivative of 8 + b**2 - 1/3*b**3 - b. What is a(-2)?
-9
Let k(s) be the first derivative of -9*s**2/2 + 4*s + 41. Determine k(4).
-32
Let f(b) = -b + 40. Let g be f(48). Let t(j) be the first derivative of j**3/3 + 7*j**2/2 - 9*j - 3. Calculate t(g).
-1
Suppose 4*z - 2*q = -3*q + 6, 2 = 5*z + 4*q. Let l(u) = -3*u - 3*u + 3739*u**z - 3731*u**2 - u**3 - 6. Determine l(6).
30
Suppose -d + 5*m + 21 = 0, 5*d + 2*m + 2*m = -11. Let u(n) = -n - 9*n + d + n + 0. Let y(l) = -l**3 - 4*l**2 + 1. Let a be y(-4). Determine u(a).
-8
Let k(y) = -y + 7*y**2 - 2 - 1 + 2. Let f(m) = 4*m**2 - 3*m**2 + 7 - 4*m - 5. Let i be f(3). What is k(i)?
7
Let q be 5/(-5) + (1 - -1). Let z = -5 + q. Let l(n) = 2*n + 1 + 1 + 1 - 1. Give l(z).
-6
Let g(s) = -17 - 8*s + 21 + 6*s. Calculate g(2).
0
Let r be (-6)/(-1)*8/24. Suppose 10*i - 11*i = -r. Let y(l) be the second derivative of 5*l**3/6 + l**2/2 - l. Determine y(i).
11
Suppose -h + 6 = 2*h. Let p(g) = -g - 2 - g**2 - 515*g**3 + 171*g**3 + 174*g**3 + 171*g**3. Give p(h).
0
Let b = -1 - -1. Suppose -4*n = 4*c - 32, -n = 4*c - 0*c - 26. Suppose b = -0*q + 3*q + c. Let f(a) = -a**3 - 2*a**2 - 2*a - 3. Give f(q).
1
Let r(y) = 2*y**2 + 22*y - 1. Let k(p) = -12*p**3 - p + 2. Let a be k(1). Let d be r(a). Let f(u) = 2*u**2 - 2*u - 1. What is f(d)?
3
Suppose 6*k - 2*k - 20 = 0. Suppose -2*r - 19 = k*w, 5*w = -5*r + w - 5. Let j(t) = 4*t**2 - 3*t + 2*t - r - t**2 - t**3. Calculate j(3).
-6
Let a(z) = -z**2 + z + 2. Suppose 5*w - 304 = 13*w. Let x = -36 - w. Give a(x).
0
Let a(z) = 2*z + 4. Let h be a(-2). Suppose 3*g - 18 = -h. Let s(x) = x**3 - 7*x**2 + 6*x - 2. What is s(g)?
-2
Let n(a) be the third derivative of -a**4/24 + a**3/6 - 27*a**2 - 2. Determine n(0).
1
Suppose -3*s + 22 + 14 = 0. Let q(i) = i + s - 6 + 5 - 2*i. Let t be q(11). Let u(g) = -g**3 - g**2 - g - 3. What is u(t)?
-3
Let h(n) = -3*n + 9. Let q(t) = -5*t + 17. Let o(y) = -7*h(y) + 4*q(y). Let j be o(-5). Let z(l) = l**2 + l - 7. Calculate z(j).
-7
Let c(k) be the first derivative of 2*k**2 - 113*k - 561. Calculate c(28).
-1
Suppose 42*w = 37*w + 80. Suppose 8*b + w = -0. Let j(n) = n + 2. Give j(b).
0
Suppose -18*n - 23*n - 328 = 0. Let f(w) = w**2 + 8*w - 8. Calculate f(n).
-8
Let z(g) be the second derivative of g**4/12 - 2*g**3/3 + 3*g**2 + 466*g. Determine z(3).
3
Let w(g) = -3*g + 17. Suppose 2 = j - 5. Let h be w(j). Let u(y) = 0*y - 2*y - 5 - y. Determine u(h).
7
Let z(u) = -2*u**3 - u**2 + 3*u + 1. Let g(w) = w**2 - 13*w + 28. Let n be g(10). Calculate z(n).
7
Let s be (1/1)/(1/109). Let o = s - 107. Let f(m) = 7*m**3 - 3*m**2 - 5*m + 8. Let u(q) = -q**3 + q - 1. Let c(v) = f(v) + 6*u(v). Give c(o).
0
Let h(n) = n**3 - 7*n**2 + n + 2. Let v(m) = -14*m**2 - 130*m - 29. Let i be v(-9). Calculate h(i).
9
Let k(l) = 2*l + 14. Let n = 27 - 43. Calculate k(n).
-18
Suppose -10 - 62 = 4*j. Let n be (-3)/j + (-2)/12. Let v(u) = u + 1. Let w(p) = p**3 - 3*p - 4. Let b(f) = -4*v(f) - w(f). Give b(n).
0
Let d(i) = 5*i**2 + i - 2. Suppose -27 = 25*l - 52. Give d(l).
4
Let l(k) be the second derivative of 2*k**2 - 1/24*k**4 + 4/3*k**3 - 3*k + 0 + 1/60*k**5. Let h(p) be the first derivative of l(p). What is h(0)?
8
Let p(a) = -4*a + 40. Let v(k) = -k + 10. Let q(j) = 3*p(j) - 14*v(j). Give q(0).
-20
Let c(x) = -50 - 50 + 145 - 4*x - 49. Let b(n) = 2*n**2 + 1. Let j be b(1). Give c(j).
-16
Let s(v) = -3*v**2 - 2*v + 8. Let g(d) = 2*d**2 + 2*d - 7. Let y(u) = 4*g(u) + 3*s(u). Let x(j) be the first derivative of y(j). Give x(3).
-4
Let y(m) = m**3 + 8*m**2 + 6*m - 7. Suppose 3*d + 31 = -2*l, 47*d + l + 12 = 46*d. Determine y(d).
0
Let f = -31 + 42. Suppose 0 = -5*q + f - 1. Let x(g) = -g**2 + 3*g - 1. Determine x(q).
1
Let n(s) = 4*s**3 + 2*s**2 - 1. Let u be n(-1). Let c(r) be the first derivative of 0*r + 4 - 3/2*r**2. Determine c(u).
9
Let l(v) = -59*v + 0*v**2 - 11 + 3*v**2 + 3*v**2 + 98*v - 3*v**2. Give l(-13).
-11
Let d be (1 + 18/(-12))/(1/(-32)). Let t(b) = -b + 23. Give t(d).
7
Let u(g) = 24 - 15 + g - 3*g**2 - g**3 - 15*g**2. Calculate u(-18).
-9
Let q(g) be the first derivative of 15 - 1/2*g**2 + 20*g - 1/3*g**3. Calculate q(0).
20
Let b(o) = 2*o**3 + o**2. Let c(r) = -10*r - 89. Let v be c(-9). What is b(v)?
3
Let i(f) = f**2 - 7*f - 3. Let v be i(8). Let k(p) = -19*p - 24*p - 6 + 46*p. Give k(v).
9
Let o be 1/(3/48*8). Let j(a) be the first derivative of -3 + a - 3/2*a**o. Calculate j(-2).
7
Let v(f) = -f**3 - 8*f**2 + 8. Let s be v(-8). Let y(o) = 3*o - s + 1 - 4*o. Let j be -2 - 0 - 7/7. What is y(j)?
-4
Let c(v) = -2*v + 221 + 225 - 5*v**2 + 2*v**3 - 450. Determine c(4).
36
Suppose -24*r + 25*r + 2 = 0. Let t(v) = -40*v - 2. Calculate t(r).
78
Let w(q) be the second derivative of 2*q**3/3 - 2*q. Let z(p) = -p**3 + 13*p**2 - 16*p + 16. Let c be z(12). Let y = 33 + c. What is w(y)?
4
Let s(u) = 2*u**3 - 21*u**2 + 12*u - 14. Let c(g) = 2*g**2 - 13*g + 